a - -32. What is the remainder when j is divided by h?
13
Let i = -23 + 35. Let b(l) = -3*l**3 + 46*l**2 - 13*l - 27. Let h be b(15). Suppose i + h = o. Calculate the remainder when o is divided by 6.
3
Let y be (-55)/(-165)*(-6)/(-10) - (-164)/5. Suppose -3 = 3*l - 9. Suppose -5*k + y = -l*k. Calculate the remainder when 19 is divided by k.
8
What is the remainder when 213/142 - ((-1635)/2 - -1) is divided by 119?
104
Let o = 15173 - 14841. What is the remainder when o is divided by 84?
80
Let l be (-1848)/(-99)*180/14. Suppose 0*f + l = 4*f - p, -2*f + 106 = -4*p. What is the remainder when 126 is divided by f?
4
Suppose 0 = -52*l + 65*l - 117. Suppose 386 = l*u - 325. What is the remainder when 465 is divided by u?
70
Suppose 0 = -2*z + 12, 228 = 13*g - 10*g - 2*z. Calculate the remainder when 4077 is divided by g.
77
Let x = 412 - -601. Let k = -703 + x. Suppose 4*b + k = 9*b. What is the remainder when b is divided by 21?
20
Let c(q) = 13*q - 44. Let r be c(6). Suppose -5*i + r = 5*t - 16, 4*i + 5*t = 36. Calculate the remainder when i is divided by 2.
0
Suppose 4*z - 3*p + 118 = 0, -40 = 2*z + 4*p + 30. Suppose 126 = 5*q - 84. Let j = z + q. Calculate the remainder when 16 is divided by j.
5
Let r(q) = q**2 + 3*q + 1. Let z be r(-4). Suppose z*t = -3*h + 136, 0*t - 2*t + 2*h + 48 = 0. Calculate the remainder when 36 is divided by t.
10
Suppose 60*q = 56*q + 5*m + 65, -2*m - 17 = -q. Suppose 0 = 3*v - 156 + 57. Calculate the remainder when 5*v - (6 + -4) is divided by q.
13
Suppose -5*y = 20 - 80. Let s = 56 + 4. Suppose 0 = -a + 5*w + s, -w - 57 - 11 = -a. What is the remainder when a is divided by y?
10
Suppose 1181*b - 1180*b - 471 = 0. What is the remainder when b is divided by 6?
3
Suppose -118*u - 5 = -117*u, 5*k - 1525 = 5*u. What is the remainder when 1469 is divided by k?
269
Let c be 5/5 - (2 - (-4 - -8)). Suppose -4*p - p - 67 = -2*v, -2*v - p = -49. Calculate the remainder when 40 + c + (1 - -3) is divided by v.
21
Let c(r) = r**3 + 130*r**2 - 7025*r - 262. Calculate the remainder when c(-171) is divided by 98.
74
Let y be ((-126)/12)/(9/(-1092)). Suppose -4*z = -2*b + 612, 2*b + 2*b - y = -2*z. What is the remainder when b is divided by 11?
8
Calculate the remainder when (-2)/(-5)*(-785)/(-471)*108 is divided by 158/4 - (-1)/2.
32
Let h(d) = d**3 + 7*d**2 + 3*d. Let q = 66 + -71. Let g be h(q). Suppose 2 - g = -3*z. Calculate the remainder when 74 is divided by z.
8
Let j be 3/(5/60*9). Suppose -73 = -j*y + 43. Calculate the remainder when y is divided by 11 - -4*(15/4)/(-5).
5
Suppose 631176 = 49*s - 7*s + 60*s. Calculate the remainder when s is divided by 326.
320
Suppose 5*x = 5*y + 70, -2*y + 0*x = 3*x + 8. Let b = y + 32. Let f(c) = -39*c**3 + 3*c**2 + 2*c + 1. Calculate the remainder when f(-1) is divided by b.
19
Suppose 0 = -420*t + 421*t + 2*h - 74, t + 4*h = 64. Calculate the remainder when 2015 is divided by t.
83
Let q be (65 - -1 - 0) + 29 + -31. Let j = -65 + q. Calculate the remainder when 140 is divided by (1 + 1)/(((-2)/13)/j).
10
Suppose -131*n + 10600 = -91*n + 172*n. What is the remainder when 3997 is divided by n?
47
Suppose 36*v + 1485 = 39*v - 5*p, 2*p = -6. What is the remainder when v is divided by 85?
65
Suppose 63 = 3*d - 4*q, d + 110 = 6*d - 5*q. Let r(u) = -4*u**2 - 316*u + 1685. What is the remainder when d is divided by r(-84)?
0
Let q(m) = m**3 - m**2 + 7*m + 234. Let k be q(0). Let w = 250 - k. What is the remainder when 51 is divided by w?
3
Suppose -42*l + 204 = b - 40*l, -b + 4*l = -246. Calculate the remainder when b is divided by 76.
66
Let g(s) = -155*s. Let h be g(-2). Calculate the remainder when 1/(-2)*h/(-5) is divided by -1 + 10 - (-46 + 44).
9
Let b(n) = n + 1. Let z(m) = 3*m - 10. Let k(g) = 4*b(g) - 2*z(g). Suppose 12*a - 289 - 167 = 0. What is the remainder when a is divided by k(7)?
8
Suppose 12*o - 16008 = -17*o. Calculate the remainder when 2/3 + o/36 is divided by 13.
3
What is the remainder when (-60230)/(-8) - ((-440)/44)/40 is divided by 14?
11
Suppose 74*g + 79*g = 148*g + 25075. Calculate the remainder when g is divided by 26.
23
Suppose 18*n - 8974 + 46 = 0. Calculate the remainder when n is divided by 94.
26
Let a(f) = -f**3 + 13*f**2 - 4*f + 29. Let z be a(13). Let h = 61 + z. What is the remainder when -1 - ((-145 - 1) + -4) is divided by h?
35
Let a = -343 + 530. Let t = -114 + a. What is the remainder when t is divided by 21?
10
Suppose -1196 = -42*w + 610. Calculate the remainder when w is divided by 8.
3
Let y(v) = 2*v**2 + 2*v + 5. Suppose 0*q - 6 = 2*k - 5*q, -2*q = -4*k + 4. What is the remainder when 82 is divided by y(k)?
14
Suppose 126 = 4*m + 3*p, -70*p + 75*p = 2*m - 24. What is the remainder when 1106 is divided by m?
26
Suppose j - 7 = 3*i - 2*i, 5*i + 15 = 0. Suppose -j*d + 5*x = -285, -d + 2*x + 20 + 55 = 0. What is the remainder when 124 is divided by d?
59
Suppose 2 = -7*q + 8*q. Suppose 0 = -0*z - q*z + 244. What is the remainder when z is divided by (-23 + (-1980)/(-100))*(-12 + 2)?
26
Let v(n) = 8*n - 43. Let t be v(6). Suppose -x + 2*o = -3*x + 14, -t*x = o - 35. Let s = 83 + -43. What is the remainder when s is divided by x?
5
Calculate the remainder when 1154 is divided by 3 + (-111 + -97)*14/(-8).
53
Let u = -3460 + 3554. What is the remainder when 253 is divided by u?
65
Suppose -17*f + 578 = -16*f + 2*y, 0 = -5*y. What is the remainder when f is divided by 37?
23
What is the remainder when 2036 is divided by (2 - 12/5)/((-5)/(1 - -424))?
30
Let l = 1954 + -1909. Calculate the remainder when 2108 is divided by l.
38
Let y be -2 + (-2)/(-6)*3. Let g(z) = 6*z**2 + 2*z + 4. What is the remainder when 70 is divided by g(y)?
6
Let y = -5641 + 5660. What is the remainder when 3464 is divided by y?
6
Let z = 50 + -43. Suppose -z*c + 127 = -104. Let x = 65 - c. What is the remainder when x is divided by 12?
8
What is the remainder when 212 is divided by -6 - (-8 - (-740)/(-4))?
25
Suppose -13*p + 46*p + 4296 = 15054. What is the remainder when 4576 is divided by p?
12
Suppose 251 = 6*q - 67. Calculate the remainder when q - (-6 + 6) - -4 is divided by 8.
1
Suppose -2*g - 46 = -2*r, -5*r = -4*r - 5*g - 43. Let j = 324 + -320. Calculate the remainder when (j/(-3))/(6*5/(-2385)) is divided by r.
16
Suppose p + 3*p - 12 = l, -5*p + 24 = l. Suppose l*a = -5*z + 67, 0 = -3*z - 0*z + 9. What is the remainder when 21 is divided by a?
8
Let x(v) = v**2 - 54*v - 170. What is the remainder when 680 is divided by x(58)?
60
Let h = 700 + -695. Calculate the remainder when 15 is divided by -1 + -7 + (27 - h).
1
What is the remainder when 1146 is divided by -102*(6 + (8 + -7)*-7)?
24
Calculate the remainder when (-68)/153*(-810)/4 is divided by 21.
6
Let a(r) = 14*r - 9. Let t = -28 + 31. Let g be a(t). Calculate the remainder when 2035/g + (-4)/6 is divided by 21.
19
Suppose -2*b + 6*b + 4 = 0, -2*p + 83 = b. Suppose -85*o + 79*o = -p. What is the remainder when 16 is divided by o?
2
Suppose -7*o = -8*o + 61. Suppose 4*g - 32 - 36 = -4*y, -5*y + o = -g. Suppose 0 = -15*r + y*r + 150. Calculate the remainder when r is divided by 26.
23
Let o = -262 - -262. Calculate the remainder when o - -1 - (-13 - 4/(-2)) is divided by 11.
1
Let x = -5298 - -5456. What is the remainder when 245 is divided by x?
87
Suppose 0 = -15*z - 93 - 72. Let a(c) = 4*c + 51. Calculate the remainder when 39 is divided by a(z).
4
Let t = -40 + 126. Let w(z) = -113*z**2 + 1362*z - 49. Calculate the remainder when t is divided by w(12).
17
Suppose 415*y = 418*y - 3*q - 34032, 0 = -4*y - q + 45406. What is the remainder when y is divided by 43?
41
Let r(h) = 2*h**2 - 35. Let t be r(6). Let p(v) = -11*v**2 + v + 1. Let l be p(-1). Let b = l + t. What is the remainder when 74 is divided by b?
22
Let a = -3314 + 4116. What is the remainder when a is divided by 27?
19
Suppose 0*d + 9590 = 5*d - 5*b, -b = 5*d - 9620. Suppose 0 = -149*m + 146*m + d. What is the remainder when m is divided by 46?
43
Suppose 42 = 24*x + 12762. Let j = x + 619. Calculate the remainder when j is divided by 13.
11
Suppose -3 = -5*v + 7. Let a = 706 - 693. Suppose -v*c - a = -47. Calculate the remainder when c is divided by 3.
2
Let w(j) = j**2 - 9*j - 2. Let l = 450 + -415. What is the remainder when l is divided by